42)/(-20) - (-6 - 183/(-30)). Give m(h).
0
Suppose 4*y = 12*y + 32. Let a(z) = -2*z**2 + 5. Calculate a(y).
-27
Suppose -p + 3*p + 7 = -q, 0 = 4*p + 12. Let x(b) be the second derivative of -7/12*b**4 + 1/2*b**2 - 6*b + 0 + 1/6*b**3. What is x(q)?
-7
Let h(f) = -1 + 5 - 2*f + 4*f - 3*f. Let s(w) = -w + 3. Let d(r) = 5*h(r) - 7*s(r). Suppose -4*p + 14 = 6. What is d(p)?
3
Let y(l) be the first derivative of -l**2/2 - 9*l + 32. Determine y(8).
-17
Suppose 2 = 3*v - 2*v + 3*d, 4*v + d = 19. Let a be v + (-2)/2 + -2. Suppose -2*t = a*t - 4. Let y(f) = -12*f**2 - f + 1. Give y(t).
-12
Let u(g) = -g**2 - 9*g + 9. Let s be u(-6). Suppose 0 = -3*h - 3*a + s, -2*h = -a - 3*a - 36. Let t(q) = q**3 - 11*q**2 - 14*q + 18. Calculate t(h).
-6
Suppose i = -3*j, 36 = -0*i + 2*i - 3*j. Let h = i - 9. Let m(n) = n**3 - 3*n**2 - 3. What is m(h)?
-3
Let i(t) = -t - 21. Let o(x) = -2*x**2 - 10*x + 8. Let a(u) = u**2 - u + 1. Let v(n) = 4*a(n) + o(n). Let p be v(6). Determine i(p).
-21
Let o(u) = 7. Let k(j) = -6*j - 6. Let q(z) = k(z) - 6*o(z). Give q(-8).
0
Suppose 7*r - 14 = -0*r. Suppose 5 = f + r. Let t be (f/(-2))/((-42)/(-56)). Let a(i) = -2*i**3 - 3*i**2 - 3*i - 1. Determine a(t).
9
Let y = 16 + -14. Let j(s) be the second derivative of -4*s**3/3 + 3*s**2/2 - 12*s. Calculate j(y).
-13
Let l(r) = -3*r**2 + 6*r + 8. Suppose -2*b - 4*w = 12, b - 6 = 29*w - 25*w. Calculate l(b).
-16
Let h(b) = -7*b**2 - 3. Let o be -1*2*35/10. Let f(k) = -8*k**2 - 4. Let q(d) = o*h(d) + 6*f(d). Calculate q(-3).
6
Let w(q) = 78*q + 6 + 1 - 77*q. Let u be (10/8)/(5/100). Suppose 5*s = -n - u, -n = 3*s + s + 20. Give w(s).
2
Let c(x) = 13 + 1 - 2*x + 2*x + x. Let w be c(-12). Let n(t) = -2*t**2 - 4*t + 3*t**2 + w*t - 2*t**2 + 3. Determine n(-3).
0
Let c(q) = -36*q + 3. Let a(k) = 72*k - 7. Let s(o) = 2*a(o) + 5*c(o). Calculate s(1).
-35
Suppose 5 = -k + 11. Let u(h) = 7*h + k - 5 + 3 + h**2 - 1. Determine u(-5).
-7
Let s(j) = 5*j**3 - 3*j**2 + 3*j. Let r = -131 + 133. What is s(r)?
34
Let s be (24/(-14))/((-12)/56). Let o(p) = p**3 - 7*p**2 - 9*p + 12. Give o(s).
4
Let x(o) = o + 5. Suppose 11*r = 28*r + 136. Give x(r).
-3
Let r be (-36)/(-126) + 4/(-14). Suppose r*a - 3*a = -24. Let s(n) = 4*n**3 + 8*n**2 - 3*n**3 + 15 - 5 + a*n. Give s(-7).
3
Let y(w) = -13*w**3 + 4*w**2 + 13*w - 29. Let a(z) = -37*z**3 + 13*z**2 + 38*z - 84. Let s(p) = -6*a(p) + 17*y(p). Determine s(11).
55
Let p(u) = 6*u**2 - 14*u - 49. Let g(s) = -2*s**2 + 5*s + 15. Let y(o) = -7*g(o) - 2*p(o). Give y(4).
-3
Let d(v) be the first derivative of -2*v**2 + 6*v - 641. Let f(u) = -u**2 - 7*u + 4. Let c be f(-4). Suppose 4*x - c = 2*n, 8*n = 2*x + 4*n - 8. Determine d(x).
-10
Let g(h) = -2*h. Let w(s) = -s + 5. Suppose 4*z - 35 = -z. Let y be w(z). Calculate g(y).
4
Let o(y) = 21*y - 67. Let l be o(3). Let f(x) = -x**2 - 3*x - 1. Calculate f(l).
-5
Let a(o) = o + 2. Let j be a(-4). Let m(w) = -3*w - w**3 - 2*w**2 + 6 - 6 + 0 + 0*w - 1. Determine m(j).
5
Let m be 7/2*(-176)/616. Let k(i) = 29*i + 1. What is k(m)?
-28
Let k(q) be the second derivative of -1/6*q**3 - 17/20*q**5 + 0 + 0*q**4 + 43*q + 0*q**2. Determine k(-1).
18
Let h(x) = -2*x - 3. Let r(f) = f + 2. Let u(b) = -2*h(b) - 3*r(b). Let d(v) = 5*v. Let i(c) = -2*d(c) + 9*u(c). Calculate i(2).
-2
Let j(s) = 2*s + 38. Suppose 5*a + 15 - 7 = -2*i, -2*i = 3*a + 8. What is j(a)?
38
Let k(p) = p**3 - 2*p**2 - 2*p - 1. Suppose -5*h + 8 = -22. Suppose -h = -2*v - 8. Calculate k(v).
-2
Let r(s) be the second derivative of -5*s**3/6 + 5*s**2/2 - 9*s - 2. What is r(4)?
-15
Let x(h) = h + 3. Let o be (4 - 0)/(-1 + 3). Let l be ((-2)/4*o)/((-3)/(-12)). Give x(l).
-1
Let i(u) = -6*u + 4. Let w be (-17 + 9)*(-2)/4. Give i(w).
-20
Let p(m) = -4*m**2 - m + 9. Let s(y) = -2. Let v(l) = p(l) + 5*s(l). Calculate v(-2).
-15
Let a(w) = 8 - w - 5 - 8 + 4. Calculate a(-6).
5
Let i(a) = a**3 - 3*a**2 + 3*a. Let j = 128 + -119. Suppose z - 12 = -j. Determine i(z).
9
Suppose -2*r = -3*n + 8, -r - 2*n = 2*r - 1. Let g(a) = a**2 - a. Let t(l) = 4*l**2 - 4*l + 3. Let p(j) = r*t(j) + 3*g(j). What is p(0)?
-3
Let q(l) be the first derivative of -l + 1/2*l**2 - 39. What is q(-3)?
-4
Let u(p) be the second derivative of p**8/6720 - p**7/630 - p**6/720 - p**5/24 - 17*p**4/6 - 40*p. Let v(a) be the third derivative of u(a). What is v(4)?
-9
Let p = 1 - -1. Let n = -8 + 10. Let f(h) = -3*h**2 + 2*h**n - 2*h**p + h**2 + 3*h. Determine f(3).
-9
Let k(j) = 25*j + 24*j + 13*j - 3 + 22*j - 82*j. Let t(w) = 4*w**3 - w**2 + w - 1. Let b be t(1). Calculate k(b).
3
Let y(f) = -f**2 - 4*f**2 - 4*f + 4*f**2 + 15. Let c be y(-7). Let o(q) be the third derivative of -q**4/24 - 4*q**3/3 + q**2. Calculate o(c).
-2
Let f(s) = s**3 + 8*s**2 + 8*s - 21. Let j be f(-6). Let n(y) be the second derivative of -y**5/20 + y**4/4 + 5*y**3/6 - 3*y**2/2 + 7*y. What is n(j)?
12
Let s(q) = 3*q + 6. Let g(w) = 7*w + 13. Let z be (7 - -1)*(-3)/(-4) + -2. Let i(h) = z*g(h) - 9*s(h). Determine i(-2).
-4
Let z(g) = -10*g + 23*g - 5*g - 3*g. Determine z(-3).
-15
Let h(b) = -b**2 - b - 1. Let x(t) = -3*t**2 + 6*t. Let g(o) = 2*h(o) + x(o). Give g(2).
-14
Let u(x) be the third derivative of x**5/60 + x**4/24 + 2*x**3/3 + 25*x**2. Determine u(-2).
6
Let q(p) = p**3 + 4*p**2 + 2*p + 3. Let t be q(-2). Let v = 19 - 13. Let l(u) = 2*u + 5*u + 0*u + 7 - u**3 + 2 + v*u**2. Give l(t).
9
Suppose 4*j - 1 = -h + 8, 0 = -3*h + j + 14. Let u(a) = -a**2 - 4*a - 6. Let b(w) = -6*w**2 - 20*w - 30. Let m(x) = 2*b(x) - 11*u(x). What is m(h)?
1
Let t(q) be the first derivative of q**4/4 - q**2 + 137. Calculate t(-2).
-4
Let f(u) = -5 + 24903*u + 24902*u + 4 - 49800*u + u**2 - 4. Let z(h) = 2*h**3 + 3*h**2 + h - 1. Let a be z(-2). What is f(a)?
9
Suppose -198 + 78 = -4*m. Let s be (2/(-4) - -1)*(m - 28). Let f(r) = -3*r + 1. What is f(s)?
-2
Let v = -2 + -7. Let x be 9*3 - (v + 8). Suppose 0 = -5*o + 4*n - x, -n - 2 + 12 = -2*o. Let y(g) = g**2 + 6*g + 4. Give y(o).
-4
Let i(c) = -c. Let p(q) = 3*q + 8. Let y(b) = 6*i(b) - p(b). Let o(l) = -8*l - 7. Let a(n) = 7*o(n) - 6*y(n). Determine a(-4).
7
Let z(p) be the second derivative of 7*p**6/720 + 11*p**4/12 - 14*p. Let a(f) be the third derivative of z(f). Determine a(-1).
-7
Suppose -126*w - 246 = -3*w. Let k(f) = -f**2 + 2*f + 5. Let o(y) = -y - 1. Let z(n) = -k(n) - 6*o(n). Determine z(w).
-3
Let j(c) = c**2 + 5*c + 4. Let a(v) = -v - 7. Let l(h) = -h**2 + 16*h - 19. Let k be l(15). Let z be a(k). What is j(z)?
-2
Suppose -74*i + 3 = -77*i, 14 = z - i. Let d(n) = -3*n + 38. What is d(z)?
-1
Let r(w) = 2*w + 10. Suppose -13*o + 12*o = 6. Give r(o).
-2
Let z(f) = -f - 5. Let j(a) = 1. Let l(c) = -5*j(c) + z(c). Let m = -1576 + 1570. Give l(m).
-4
Let m(g) = -5*g**2 + 2*g - 3. Suppose -4*y + n = -9, -5*y - 5*n + 15 = -10*n. What is m(y)?
-19
Let m(u) = 0*u**2 - 7*u**2 - 2 + 2 + 1. Give m(1).
-6
Let i = 29/120 - 1/5. Let o(h) be the third derivative of 0 - i*h**4 - 4*h**2 - 1/60*h**6 + 0*h - 1/20*h**5 - 1/3*h**3. What is o(-2)?
4
Let f(i) = 40*i + 10. Let k(w) = -69*w - 20. Let t(d) = 7*f(d) + 4*k(d). What is t(7)?
18
Let c be (-5)/(-3)*(-108)/(-45). Let f(l) be the third derivative of -1/6*l**4 + 0 + l**2 + 0*l + 0*l**3 - 1/20*l**5 + 1/120*l**6. Determine f(c).
0
Let d(a) = 6*a + 2. Suppose -4*g = -2*m - 2, g + 2*m - 14 = -2*m. Suppose -g*z - 3*z = 0. Suppose v = -z*v - 3. Calculate d(v).
-16
Let z = -35 + 11. Let y be z/(-60) + (-458)/(-5). Let w(g) = -2*g - g**2 + y - 92. What is w(2)?
-8
Let w(a) = 179 + 7*a - 2*a - 191. What is w(8)?
28
Let z(r) = r + 1. Let t(n) = 8*n + 9. Let y(q) = t(q) - 4*z(q). Give y(-5).
-15
Let o(l) = 4*l - 26. Let c be o(6). Let u(q) be the first derivative of q**4/4 + q**3 - 2*q + 1. Determine u(c).
2
Let v(d) = 6*d**3 + 2*d**2 - 1. Let u be 4/(-10)*(-30)/(-12). Determine v(u).
-5
Let o(s) be the first derivative of s**4/4 - 7*s**3/3 + 7*s**2/2 - 2*s - 333. Give o(5).
-17
Let g(y) = y**2 + 2*y - 3. Let t be -1 - (2 + (0 - 5)). Suppose 4*h - t*c = 2*c + 12, -3*c - 11 = -4*h. Suppose -h*j = 3*j + 15. What is g(j)?
0
Suppose 30 = -5*i, -m - 5*i - 10 = 17. Let b(y) be the first derivative of -y**2/2 - 3*y - 3. What is b(m)?
-6
Let q(h) be the second derivative of -h**5/20 - 5*h**4/12 + 2*h**3/3 + h**2/2 + 81*h. Give q(-6).
13
Suppose 2*p + 3 = p. Let f(u) = 2*u + 17. L